s divided by 354.
324
Calculate the remainder when 665285 is divided by 575.
10
Calculate the remainder when 481716 is divided by 2583.
1278
What is the remainder when 1434967 is divided by 4184?
4039
What is the remainder when 2195366 is divided by 2811?
2786
What is the remainder when 55560 is divided by 1558?
1030
Calculate the remainder when 12680619 is divided by 667400.
19
What is the remainder when 17156189 is divided by 2438?
2421
What is the remainder when 392210 is divided by 130511?
677
Calculate the remainder when 460915 is divided by 287.
280
What is the remainder when 53796482 is divided by 110?
102
Calculate the remainder when 3453586 is divided by 690712.
26
What is the remainder when 133050 is divided by 16613?
146
What is the remainder when 10580 is divided by 5260?
60
Calculate the remainder when 155324 is divided by 77573.
178
What is the remainder when 1495373 is divided by 213443?
1272
What is the remainder when 2621700 is divided by 524220?
600
What is the remainder when 140468 is divided by 2?
0
Calculate the remainder when 754123 is divided by 1995.
13
Calculate the remainder when 11356 is divided by 38.
32
What is the remainder when 88093087 is divided by 82?
77
What is the remainder when 490544 is divided by 6628?
72
What is the remainder when 17595229 is divided by 23?
22
What is the remainder when 13482 is divided by 1897?
203
What is the remainder when 1409392 is divided by 2742?
4
Calculate the remainder when 1421669 is divided by 473817.
218
Calculate the remainder when 12042343 is divided by 360.
343
What is the remainder when 4715142 is divided by 772?
538
Calculate the remainder when 1203914 is divided by 2.
0
Calculate the remainder when 232532 is divided by 953.
0
Calculate the remainder when 53361 is divided by 3530.
411
Calculate the remainder when 21818797 is divided by 41.
32
What is the remainder when 8167173 is divided by 72?
69
Calculate the remainder when 60881383 is divided by 7139.
7130
What is the remainder when 37894367 is divided by 1511?
1509
What is the remainder when 10957 is divided by 4578?
1801
What is the remainder when 185802 is divided by 45967?
1934
Calculate the remainder when 6598440 is divided by 281.
279
Calculate the remainder when 29874313 is divided by 746.
743
What is the remainder when 1140826 is divided by 380207?
205
What is the remainder when 1336372 is divided by 89?
37
What is the remainder when 8452384 is divided by 402492?
52
Calculate the remainder when 9093223 is divided by 4546336.
551
Calculate the remainder when 462589 is divided by 360.
349
What is the remainder when 73358 is divided by 78?
38
Calculate the remainder when 185591 is divided by 46392.
23
Calculate the remainder when 1059702 is divided by 50458.
84
What is the remainder when 466245 is divided by 1500?
1245
What is the remainder when 1097231 is divided by 591?
335
Calculate the remainder when 91338 is divided by 522.
510
What is the remainder when 10323945 is divided by 355998?
3
Calculate the remainder when 3655538 is divided by 20.
18
Calculate the remainder when 3071 is divided by 2403.
668
What is the remainder when 29782 is divided by 14653?
476
Calculate the remainder when 20943494 is divided by 44466.
8
Calculate the remainder when 101878723 is divided by 25.
23
What is the remainder when 6074016 is divided by 496?
0
Calculate the remainder when 161076 is divided by 1321.
1235
What is the remainder when 222233 is divided by 101?
33
Calculate the remainder when 1199762 is divided by 1199670.
92
Calculate the remainder when 495475 is divided by 493.
10
What is the remainder when 1388029 is divided by 229?
60
Calculate the remainder when 1778793 is divided by 296461.
27
Calculate the remainder when 28860276 is divided by 49.
11
Calculate the remainder when 443283987 is divided by 68482.
1
What is the remainder when 1519221 is divided by 191?
7
Calculate the remainder when 3379322 is divided by 338.
336
What is the remainder when 54300 is divided by 27138?
24
What is the remainder when 852253 is divided by 106509?
181
Calculate the remainder when 282739 is divided by 1663.
29
Calculate the remainder when 1276973 is divided by 127.
115
What is the remainder when 66051597 is divided by 100?
97
What is the remainder when 28506 is divided by 972?
318
What is the remainder when 632028 is divided by 631804?
224
What is the remainder when 30101204 is divided by 858?
848
What is the remainder when 144535 is divided by 48159?
58
Calculate the remainder when 119702 is divided by 1129.
28
Calculate the remainder when 293482 is divided by 1460.
22
What is the remainder when 616354165 is divided by 232?
229
Calculate the remainder when 4168326 is divided by 311.
304
Calculate the remainder when 211733 is divided by 17026.
7421
Calculate the remainder when 7911592 is divided by 599.
0
What is the remainder when 141587 is divided by 1264?
19
Calculate the remainder when 862897 is divided by 20475.
2947
Calculate the remainder when 246611 is divided by 793.
781
What is the remainder when 860959 is divided by 3664?
3583
Calculate the remainder when 169401 is divided by 169397.
4
What is the remainder when 4603 is divided by 1516?
55
What is the remainder when 1628284 is divided by 814121?
42
Calculate the remainder when 4333933 is divided by 20.
13
Calculate the remainder when 579126 is divided by 1528.
14
What is the remainder when 51191270 is divided by 30?
20
Calculate the remainder when 2844809 is divided by 5135.
19
Calculate the remainder when 364117379 is divided by 230.
9
Calculate the remainder when 101488 is divided by 99121.
2367
What is the remainder when 50394893 is divided by 6?
5
What is the remainder when 1959534 is divided by 279914?
136
What is the remainder when 3223708 is divided by 3047?
3029
What is the remainder when 1216474 is divided by 546?
532
What is the remainder when 2171482 is divided by 10054?
9872
What is the remainder when 2334367 is divided by 1671?
1651
Calculate the remainder when 1109025 is divided by 33.
27
What is the remainder when 36257 is divided by 2585?
67
What is the remainder when 3012247 is divided by 94?
17
What is the remainder when 29041825 is divided by 5049?
5026
Calculate the remainder when 64166 is divided by 4859.
999
What is the remainder when 1091080 is divided by 272761?
36
What is the remainder when 338647 is divided by 80?
7
Calculate the remainder when 140058553 is divided by 455.
453
What is the remainder when 10085586 is divided by 141?
138
What is the remainder when 9460074 is divided by 425?
424
Calculate the remainder when 106438 is divided by 3682.
3342
Calculate the remainder when 2635779 is divided by 329471.
11
What is the remainder when 146433 is divided by 1828?
193
What is the remainder when 9485430 is divided by 271012?
10
What is the remainder when 48667 is divided by 2788?
1271
Calculate the remainder when 19655858 is divided by 6551925.
83
Calculate the remainder when 957405651 is divided by 8764.
8763
What is the remainder when 209935 is divided by 933?
10
Calculate the remainder when 92640963 is divided by 33.
30
What is the remainder when 1612658 is divided by 230370?
68
What is the remainder when 97644 is divided by 48553?
538
Calculate the remainder when 702172289 is divided by 785.
779
Calculate the remainder when 3484305 is divided by 387135.
90
Calculate the remainder when 462378 is divided by 812.
350
Calculate the remainder when 506054 is divided by 226.
40
What is the remainder when 236493 is divided by 2463?
45
What is the remainder when 240064 is divided by 529?
427
Calculate the remainder when 44672 is divided by 2094.
698
Calculate the remainder when 555636 is divided by 6867.
6276
What is the remainder when 31890512 is divided by 28?
24
What is the remainder when 59645489 is divided by 125?
114
Calculate the remainder when 9369560 is divided by 46.
4
Calculate the remainder when 1380621 is divided by 4359.
3177
Calculate the remainder when 6466316 is divided by 1077719.
2
Calculate the remainder when 2198528 is divided by 1099251.
26
What is the remainder when 21914 is divided by 504?
242
What is the remainder when 510039 is divided by 2684?
79
Calculate the remainder when 7760786 is divided by 3751.
3718
What is the